r when 464447 is divided by 1269.
1262
What is the remainder when 698501 is divided by 697750?
751
Calculate the remainder when 515257038 is divided by 869.
868
What is the remainder when 341002 is divided by 8?
2
Calculate the remainder when 20817494 is divided by 5500.
5494
What is the remainder when 413395351 is divided by 427?
425
Calculate the remainder when 40137767 is divided by 1911322.
5
Calculate the remainder when 46023158 is divided by 3648.
3638
What is the remainder when 26736318 is divided by 940?
838
Calculate the remainder when 1593789 is divided by 733.
247
Calculate the remainder when 34195959 is divided by 2442568.
7
Calculate the remainder when 694786 is divided by 12.
10
Calculate the remainder when 17011 is divided by 7784.
1443
What is the remainder when 7894820 is divided by 1578899?
325
Calculate the remainder when 531577 is divided by 268.
133
What is the remainder when 8405224 is divided by 395?
19
What is the remainder when 205128 is divided by 102516?
96
Calculate the remainder when 17009359 is divided by 265770.
79
Calculate the remainder when 195150 is divided by 273.
228
Calculate the remainder when 4794357 is divided by 1598052.
201
What is the remainder when 5020757 is divided by 2401?
266
Calculate the remainder when 704013 is divided by 8689.
204
Calculate the remainder when 20672 is divided by 1026.
152
What is the remainder when 13959816 is divided by 8703?
204
What is the remainder when 118432079 is divided by 4680?
4679
Calculate the remainder when 970274 is divided by 48.
2
Calculate the remainder when 51222547 is divided by 25011.
19
What is the remainder when 33470592 is divided by 5478?
12
What is the remainder when 27173998 is divided by 28?
26
What is the remainder when 772800 is divided by 154547?
65
What is the remainder when 113582 is divided by 110103?
3479
What is the remainder when 50009 is divided by 29?
13
What is the remainder when 815578 is divided by 198?
16
What is the remainder when 29404 is divided by 1741?
1548
Calculate the remainder when 11674841 is divided by 992.
985
What is the remainder when 350456 is divided by 174635?
1186
Calculate the remainder when 19045988 is divided by 2044.
2040
What is the remainder when 20875781 is divided by 101?
91
Calculate the remainder when 2202023 is divided by 64765.
13
What is the remainder when 296324 is divided by 468?
80
What is the remainder when 1382664 is divided by 704?
8
What is the remainder when 10509236 is divided by 1751500?
236
Calculate the remainder when 6735335 is divided by 994.
985
What is the remainder when 278282 is divided by 768?
266
Calculate the remainder when 58297 is divided by 57450.
847
Calculate the remainder when 6171233 is divided by 765.
743
What is the remainder when 34322124 is divided by 715?
694
What is the remainder when 14658483 is divided by 1628704?
147
What is the remainder when 2555414 is divided by 823?
822
Calculate the remainder when 1908063 is divided by 477010.
23
Calculate the remainder when 7059733 is divided by 121.
109
Calculate the remainder when 192893453 is divided by 24835.
8
What is the remainder when 6182424 is divided by 761?
60
What is the remainder when 357778 is divided by 967?
955
Calculate the remainder when 79568 is divided by 79523.
45
What is the remainder when 1105351 is divided by 489?
211
What is the remainder when 2059059 is divided by 2058975?
84
What is the remainder when 1219040755 is divided by 99?
97
What is the remainder when 11991282 is divided by 39706?
70
What is the remainder when 59155243 is divided by 80?
43
Calculate the remainder when 7429457 is divided by 24931.
19
What is the remainder when 3428719 is divided by 246?
217
Calculate the remainder when 568932645 is divided by 82.
81
What is the remainder when 282923 is divided by 282915?
8
What is the remainder when 118439870 is divided by 54?
50
What is the remainder when 35685167 is divided by 74?
73
What is the remainder when 6022236 is divided by 380?
376
What is the remainder when 321290 is divided by 17808?
746
What is the remainder when 106459 is divided by 35467?
58
Calculate the remainder when 655560 is divided by 16389.
0
Calculate the remainder when 360999 is divided by 180471.
57
Calculate the remainder when 29281497 is divided by 239.
173
Calculate the remainder when 9643695 is divided by 6547.
6511
What is the remainder when 15485 is divided by 109?
7
Calculate the remainder when 1837271 is divided by 305985.
1361
Calculate the remainder when 126770 is divided by 4334.
1084
What is the remainder when 595117 is divided by 198331?
124
Calculate the remainder when 103823 is divided by 51894.
35
Calculate the remainder when 5654078 is divided by 1413339.
722
What is the remainder when 1139566 is divided by 288?
238
What is the remainder when 414994 is divided by 51606?
2146
Calculate the remainder when 283652 is divided by 15678.
1448
Calculate the remainder when 156718 is divided by 2569.
9
Calculate the remainder when 118488492 is divided by 1005.
1002
What is the remainder when 721422 is divided by 240461?
39
Calculate the remainder when 237121 is divided by 253.
60
Calculate the remainder when 13681226 is divided by 62.
58
What is the remainder when 2234119 is divided by 245?
209
Calculate the remainder when 1617758 is divided by 1220.
38
What is the remainder when 309917 is divided by 2338?
1301
What is the remainder when 3985863 is divided by 1985?
1968
Calculate the remainder when 264585 is divided by 44078.
117
What is the remainder when 15495 is divided by 39?
12
Calculate the remainder when 3718268 is divided by 31.
4
What is the remainder when 216245 is divided by 76?
25
Calculate the remainder when 29838 is divided by 12124.
5590
Calculate the remainder when 15059783 is divided by 2509963.
5
Calculate the remainder when 22429 is divided by 4353.
664
What is the remainder when 16109076 is divided by 8054530?
16
Calculate the remainder when 3538678 is divided by 909.
850
What is the remainder when 20554572 is divided by 2936366?
10
Calculate the remainder when 6155 is divided by 1472.
267
Calculate the remainder when 1266169 is divided by 3920.
9
What is the remainder when 7745918 is divided by 3952?
3950
What is the remainder when 2335633 is divided by 32?
17
Calculate the remainder when 1657435 is divided by 15.
10
Calculate the remainder when 13055817 is divided by 51604.
5
Calculate the remainder when 154581468 is divided by 11217.
11208
Calculate the remainder when 768740 is divided by 768541.
199
What is the remainder when 59622 is divided by 13277?
6514
Calculate the remainder when 5497233 is divided by 339.
9
What is the remainder when 218224 is divided by 1931?
21
What is the remainder when 2056170 is divided by 54108?
66
What is the remainder when 43912 is divided by 43911?
1
What is the remainder when 90464 is divided by 1681?
1371
Calculate the remainder when 886330 is divided by 53.
11
What is the remainder when 5953268 is divided by 19?
17
Calculate the remainder when 34838 is divided by 372.
242
Calculate the remainder when 58990029 is divided by 432.
429
Calculate the remainder when 620863 is divided by 86.
29
Calculate the remainder when 85359897 is divided by 85359894.
3
Calculate the remainder when 103563 is divided by 541.
232
What is the remainder when 1384855 is divided by 1905?
1825
What is the remainder when 19689487 is divided by 1514575?
12
What is the remainder when 8251564 is divided by 750135?
79
Calculate the remainder when 919600 is divided by 144.
16
Calculate the remainder when 45656 is divided by 2418.
2132
Calculate the remainder when 180152 is divided by 111.
110
What is the remainder when 37745038 is divided by 54?
10
What is the remainder when 2361819 is divided by 247?
5
Calculate the remainder when 1079633 is divided by 2589.
20
What is the remainder when 5627766 is divided by 10480?
6
Calculate the remainder when 39868805 is divided by 100.
5
Calculate the remainder when 527911 is divided by 92.
15
Calculate the remainder when 94392 is divided by 2145.
12
What is the remainder when 8566166 is divided by 2141541?
2
What is the remainder when 17415212 is divided by 364?
360
Calculate the remainder when 29242 is divided by 13433.
2376
Calculate the 